late the remainder when 74929 is divided by 255.
214
What is the remainder when 646840 is divided by 412?
0
What is the remainder when 254402 is divided by 200?
2
What is the remainder when 687713217 is divided by 25?
17
What is the remainder when 714504 is divided by 64952?
32
Calculate the remainder when 2436003 is divided by 1724.
1715
What is the remainder when 369490655 is divided by 1297?
1295
What is the remainder when 1366965 is divided by 683453?
59
Calculate the remainder when 14772759 is divided by 1393.
1387
Calculate the remainder when 2168734 is divided by 24.
22
What is the remainder when 114837557 is divided by 174?
167
Calculate the remainder when 6243230 is divided by 71.
58
Calculate the remainder when 327320 is divided by 16229.
2740
Calculate the remainder when 1049216 is divided by 1976.
1936
What is the remainder when 167097 is divided by 18382?
1659
What is the remainder when 8083856 is divided by 2884?
4
What is the remainder when 5838 is divided by 2779?
280
What is the remainder when 20465963 is divided by 684?
683
What is the remainder when 1841813 is divided by 306954?
89
Calculate the remainder when 111023122 is divided by 316.
314
What is the remainder when 79674396 is divided by 27?
15
What is the remainder when 7280 is divided by 7128?
152
Calculate the remainder when 60190 is divided by 55676.
4514
Calculate the remainder when 179383 is divided by 89677.
29
Calculate the remainder when 1400382 is divided by 20295.
27
What is the remainder when 123558750 is divided by 11?
7
What is the remainder when 39756 is divided by 63?
3
What is the remainder when 729726 is divided by 146?
18
Calculate the remainder when 108284 is divided by 5114.
890
What is the remainder when 8144770 is divided by 194?
68
What is the remainder when 717239 is divided by 79664?
263
Calculate the remainder when 3201607 is divided by 8943.
13
Calculate the remainder when 160794978 is divided by 84.
78
Calculate the remainder when 9153 is divided by 1568.
1313
Calculate the remainder when 597238 is divided by 399.
334
What is the remainder when 8248772 is divided by 8248721?
51
What is the remainder when 1004488 is divided by 500?
488
Calculate the remainder when 79583 is divided by 1438.
493
Calculate the remainder when 229762 is divided by 32815.
57
Calculate the remainder when 8342855 is divided by 641756.
27
Calculate the remainder when 65171 is divided by 32101.
969
What is the remainder when 14705024 is divided by 3?
2
Calculate the remainder when 2836237 is divided by 18.
13
What is the remainder when 3735009 is divided by 179?
174
What is the remainder when 14243322 is divided by 5?
2
Calculate the remainder when 551694 is divided by 32419.
571
What is the remainder when 185056 is divided by 98?
32
What is the remainder when 668300 is divided by 1240?
1180
What is the remainder when 913515 is divided by 5745?
60
What is the remainder when 3230196 is divided by 1732?
16
What is the remainder when 276802 is divided by 276761?
41
Calculate the remainder when 355475 is divided by 3589.
164
Calculate the remainder when 18979860 is divided by 96836.
4
What is the remainder when 1303548 is divided by 292?
60
Calculate the remainder when 433776 is divided by 528.
288
What is the remainder when 9623066 is divided by 30?
26
Calculate the remainder when 121300 is divided by 152.
4
Calculate the remainder when 240992 is divided by 21908.
4
Calculate the remainder when 34374799 is divided by 17187399.
1
Calculate the remainder when 31337571 is divided by 88.
67
What is the remainder when 16073226 is divided by 16?
10
Calculate the remainder when 3669249 is divided by 10136.
17
What is the remainder when 13218196 is divided by 506?
464
Calculate the remainder when 442297 is divided by 11334.
271
What is the remainder when 1576248 is divided by 11100?
48
What is the remainder when 105901 is divided by 1453?
1285
Calculate the remainder when 6181157 is divided by 953.
952
What is the remainder when 452736 is divided by 412?
360
Calculate the remainder when 183002 is divided by 1894.
1178
Calculate the remainder when 43241671 is divided by 166.
165
Calculate the remainder when 7064309 is divided by 795.
734
Calculate the remainder when 1769374 is divided by 442266.
310
What is the remainder when 2922268402 is divided by 14674?
14672
What is the remainder when 4979 is divided by 2456?
67
What is the remainder when 14948 is divided by 5809?
3330
Calculate the remainder when 463844 is divided by 369.
11
What is the remainder when 821553 is divided by 9443?
12
What is the remainder when 578840 is divided by 289420?
0
What is the remainder when 75594150 is divided by 234?
216
Calculate the remainder when 8821462 is divided by 548.
306
What is the remainder when 14652809 is divided by 7?
3
What is the remainder when 3139 is divided by 2596?
543
What is the remainder when 4047639 is divided by 17831?
2
Calculate the remainder when 8601888 is divided by 434.
8
Calculate the remainder when 530030 is divided by 1084.
1038
Calculate the remainder when 52230 is divided by 188.
154
Calculate the remainder when 338051 is divided by 67594.
81
Calculate the remainder when 3655051 is divided by 1167.
7
What is the remainder when 2196774 is divided by 2502?
18
Calculate the remainder when 412758797 is divided by 3100.
3097
What is the remainder when 227623793 is divided by 454?
451
What is the remainder when 7399915 is divided by 2466638?
1
Calculate the remainder when 43196112 is divided by 1633.
1629
What is the remainder when 230314 is divided by 126?
112
What is the remainder when 13668612 is divided by 104?
100
What is the remainder when 1416254 is divided by 6875?
4
Calculate the remainder when 69819057 is divided by 1347.
6
What is the remainder when 7498307 is divided by 9122?
23
What is the remainder when 1551631 is divided by 1726?
1683
Calculate the remainder when 1711 is divided by 306.
181
Calculate the remainder when 7899019 is divided by 2632994.
37
Calculate the remainder when 13917663 is divided by 2565.
2538
Calculate the remainder when 19849 is divided by 1716.
973
Calculate the remainder when 166720740 is divided by 3402464.
4
What is the remainder when 218697212 is divided by 2024974?
20
What is the remainder when 350433 is divided by 73?
33
What is the remainder when 28107 is divided by 620?
207
What is the remainder when 77283 is divided by 361?
29
What is the remainder when 1027683 is divided by 36693?
279
What is the remainder when 226755 is divided by 2119?
22
What is the remainder when 5175639 is divided by 6?
3
What is the remainder when 88212 is divided by 431?
288
Calculate the remainder when 1128353 is divided by 10744.
233
Calculate the remainder when 121009762 is divided by 105.
97
Calculate the remainder when 7330457 is divided by 295.
2
Calculate the remainder when 148549 is divided by 49.
30
What is the remainder when 307282 is divided by 1862?
52
Calculate the remainder when 6193912 is divided by 2064548.
268
What is the remainder when 164910 is divided by 2678?
1552
Calculate the remainder when 652331 is divided by 67.
19
Calculate the remainder when 627337919 is divided by 15.
14
Calculate the remainder when 743574 is divided by 743522.
52
What is the remainder when 35658 is divided by 35390?
268
What is the remainder when 736422 is divided by 93?
48
What is the remainder when 498842 is divided by 1904?
1898
What is the remainder when 69708592 is divided by 8606?
8598
Calculate the remainder when 376929 is divided by 12.
9
What is the remainder when 1248323 is divided by 312060?
83
What is the remainder when 30059689 is divided by 55666?
49
What is the remainder when 650669 is divided by 23224?
397
Calculate the remainder when 704446 is divided by 4664.
182
What is the remainder when 26583467 is divided by 26583459?
8
What is the remainder when 49807 is divided by 815?
92
Calculate the remainder when 812372195 is divided by 7.
5
What is the remainder when 936067 is divided by 3?
1
Calculate the remainder when 117672 is divided by 213.
96
What is the remainder when 1122132 is divided by 355?
332
What is the remainder when 155797 is divided by 3204?
2005
Calculate the remainder when 8651 is divided by 2994.
2663
What is the rem